
{"id":23,"date":"2007-12-14T12:26:37","date_gmt":"2007-12-14T11:26:37","guid":{"rendered":"http:\/\/www.subhash.at\/venezuela\/film-the-war-on-democracy\/"},"modified":"2026-01-04T18:05:36","modified_gmt":"2026-01-04T17:05:36","slug":"film-the-war-on-democracy","status":"publish","type":"page","link":"https:\/\/www.subhash.at\/venezuela\/film-the-war-on-democracy\/","title":{"rendered":"Film: The War on Democracy"},"content":{"rendered":"<span class=\"Z3988\" title=\"ctx_ver=Z39.88-2004&amp;rft_val_fmt=info%3Aofi%2Ffmt%3Akev%3Amtx%3Adc&amp;rfr_id=info%3Asid%2Focoins.info%3Agenerator&amp;rft.type=&amp;rft.format=text&amp;rft.title=Film%3A+The+War+on+Democracy&amp;rft.source=Mein+Venezuela&amp;rft.date=2007-12-14&amp;rft.identifier=https%3A%2F%2Fwww.subhash.at%2Fvenezuela%2Ffilm-the-war-on-democracy%2F&amp;rft.language=English&amp;rft.subject=Vorbereitung&amp;rft.au=Subhash\"><\/span><p>Ein Film von <a href=\"http:\/\/www.johnpilger.com\/\">John Pilger<\/a> \u00fcber die Versuche der Amerikanischen Regierung tats\u00e4chliche Demokratien zu unterdr\u00fccken. Der gescheiterte Putsch gegen Hugo Ch\u00e1vez im April&nbsp;2002 nimmt fast die erste H\u00e4lfte der Dokumentation ein. Im zweiten Teil des Films werden Versuche in anderen L\u00e4ndern beschrieben US-linientreue Regimes zu etablieren.<!--more--><\/p>\n<div class=\"c\"><a href=\"https:\/\/vimeo.com\/16724719?fl=pl&#038;fe=sh\">https:\/\/vimeo.com\/16724719?fl=pl&#038;fe=sh<\/a><\/div>\n<blockquote>\n<p>&#8222;Im CIA hielten wir nichts von Demokratie. Ich meine, wenn eine Regierung gew\u00e4hlt wurde und mit uns kooperierte, war das gut, aber wenn nicht, dann war uns die Demokratie gleichg\u00fcltig. Und ich glaube, sie bedeutet auch heutzutage nichts.&#8220;<\/p>\n<p class=\"r\">Philip Agee (CIA Agent 1957&nbsp;&ndash; 68)<\/p>\n<\/blockquote>\n<h4>Venezuela, Guatemala, Cuba, Chile, El Salvador, Nicaragua, Bolivien<\/h4>\n<h3 id=\"unfinished\">An Unfinished Song<\/h3>\n<p>There are five thousand of us here<br \/>\nin this small part of the city.<br \/>\nWe are five thousand.<br \/>\nI wonder how many we are in all<br \/>\nin the cities and in the whole country?<br \/>\nHere alone<br \/>\nare ten thousand hands which plant seeds<br \/>\nand make the factories run.<br \/>\nHow much humanity<br \/>\nexposed to hunger, cold, panic, pain,<br \/>\nmoral pressure, terror and insanity?<br \/>\nSix of us were lost<br \/>\nas if into starry space.<br \/>\nOne dead, another beaten as I could never have believed<br \/>\na human being could be beaten.<br \/>\nThe other four wanted to end their terror<br \/>\none jumping into nothingness,<br \/>\nanother beating his head against a wall,<br \/>\nbut all with the fixed stare of death.<br \/>\nWhat horror the face of fascism creates!<br \/>\nThey carry out their plans with knife-like precision.<br \/>\nNothing matters to them.<br \/>\nTo them, blood equals medals,<br \/>\nslaughter is an act of heroism.<br \/>\nOh God, is this the world that you created,<br \/>\nfor this your seven days of wonder and work?<br \/>\nWithin these four walls only a number exists<br \/>\nwhich does not progress,<br \/>\nwhich slowly will wish more and more for death.<br \/>\nBut suddenly my conscience awakes<br \/>\nand I see that this tide has no heartbeat,<br \/>\nonly the pulse of machines<br \/>\nand the military showing their midwives&#8216; faces<br \/>\nfull of sweetness.<br \/>\nLet Mexico, Cuba and the world<br \/>\ncry out against this atrocity!<br \/>\nWe are ten thousand hands<br \/>\nwhich can produce nothing.<br \/>\nHow many of us in the whole country?<br \/>\nThe blood of our President, our compa\u00f1ero,<br \/>\nwill strike with more strength than bombs and machine guns!<br \/>\nSo will our fist strike again!<\/p>\n<p>How hard it is to sing<br \/>\nwhen I must sing of horror.<br \/>\nHorror which I am living,<br \/>\nhorror which I am dying.<br \/>\nTo see myself among so much<br \/>\nand so many moments of infinity<br \/>\nin which silence and screams<br \/>\nare the end of my song.<br \/>\nWhat I see, I have never seen<br \/>\nWhat I have felt and what I feel<br \/>\nWill give birth to the moment\u0085<\/p>\n<p class=\"r\">Victor Jara<br \/>\nim Fu\u00dfballstadion in Santiago de Chile, das von den faschistischen Putschisten<br \/>\nzu einem Konzentrationslager gemacht worden war, im September 1973<\/p>\n","protected":false},"excerpt":{"rendered":"<p>Ein Film von John Pilger \u00fcber die Versuche der Amerikanischen Regierung tats\u00e4chliche Demokratien zu unterdr\u00fccken. Der gescheiterte Putsch gegen Hugo Ch\u00e1vez im April&nbsp;2002 nimmt fast die erste H\u00e4lfte der Dokumentation ein. Im zweiten Teil des Films werden Versuche in anderen L\u00e4ndern beschrieben US-linientreue Regimes zu etablieren.<\/p>\n","protected":false},"author":2,"featured_media":0,"parent":0,"menu_order":2,"comment_status":"closed","ping_status":"closed","template":"","meta":{"ngg_post_thumbnail":0,"footnotes":""},"class_list":["post-23","page","type-page","status-publish","hentry"],"aioseo_notices":[],"_links":{"self":[{"href":"https:\/\/www.subhash.at\/venezuela\/wp-json\/wp\/v2\/pages\/23","targetHints":{"allow":["GET"]}}],"collection":[{"href":"https:\/\/www.subhash.at\/venezuela\/wp-json\/wp\/v2\/pages"}],"about":[{"href":"https:\/\/www.subhash.at\/venezuela\/wp-json\/wp\/v2\/types\/page"}],"author":[{"embeddable":true,"href":"https:\/\/www.subhash.at\/venezuela\/wp-json\/wp\/v2\/users\/2"}],"replies":[{"embeddable":true,"href":"https:\/\/www.subhash.at\/venezuela\/wp-json\/wp\/v2\/comments?post=23"}],"version-history":[{"count":5,"href":"https:\/\/www.subhash.at\/venezuela\/wp-json\/wp\/v2\/pages\/23\/revisions"}],"predecessor-version":[{"id":865,"href":"https:\/\/www.subhash.at\/venezuela\/wp-json\/wp\/v2\/pages\/23\/revisions\/865"}],"wp:attachment":[{"href":"https:\/\/www.subhash.at\/venezuela\/wp-json\/wp\/v2\/media?parent=23"}],"curies":[{"name":"wp","href":"https:\/\/api.w.org\/{rel}","templated":true}]}}