{"id":5896,"date":"2014-01-23T20:08:02","date_gmt":"2014-01-23T19:08:02","guid":{"rendered":"http:\/\/www.subhash.at\/fotoblog\/?page_id=5896"},"modified":"2021-06-17T08:44:40","modified_gmt":"2021-06-17T06:44:40","slug":"spenden","status":"publish","type":"page","link":"https:\/\/www.subhash.at\/fotoblog\/spenden\/","title":{"rendered":"Spenden"},"content":{"rendered":"<p>Ich fotografiere und f\u00fchre dieses Fotoblog gerne. Viele Stunden habe ich mit der Wartung der Software, dem Layout, dem Aufbereiten der Bilder f\u00fcr das Internet und dem Schreiben der Beitr\u00e4ge verbracht. Ich habe keine Einnahmen durch Werbung: Dieses Fotoblog kann aber durch Leser*innen wie Sie unterst\u00fctzt werden: direkt durch Spenden und indirekt, wenn Sie ein <span lang=\"en\">eBook<\/span> oder einen <span lang=\"en\">Print<\/span> von mir kaufen.<br \/>\nWenn Sie ein wenig f\u00fcr Sie brauchbare Information, Freude und Inspiration durch dieses Blog finden oder eine f\u00fcr Sie n\u00fctzliche Photoshop-Aktion im <a href=\"\/downloads\/\">Downloadbereich<\/a> gefunden haben, dann ziehen Sie bitte eine kleine Spende in Erw\u00e4gung. Wie viel Sie auch aufbringen wollen, in jedem Fall bedeutet es f\u00fcr mich eine sch\u00f6ne Geste der Anerkennung.<br \/>\nEs gibt zwei M\u00f6glichkeiten: Sie k\u00f6nnen Leserin bzw. Leser werden, die\/der dieses Fotoblog monatlich automatisch unterst\u00fctzt:<\/p>\n<form style=\"width: 120px !important; margin: 1em auto 0 auto !important; padding: 0;\" action=\"https:\/\/www.paypal.com\/cgi-bin\/webscr\" method=\"post\" target=\"_top\"><input type=\"hidden\" name=\"cmd\" value=\"_s-xclick\"><input type=\"hidden\" name=\"hosted_button_id\" value=\"6ZVRQWSU5BU9W\"><input type=\"hidden\" name=\"on0\" value=\"\"><select style=\"width: 100px !important; margin: 0 9px;\" name=\"os0\"><option value=\"1\">5&nbsp;&euro;\/Monat<\/option><option value=\"2\" selected>10&nbsp;&euro;\/Monat<\/option><option value=\"3\">15&nbsp;&euro;\/Monat<\/option><option value=\"4\">20&nbsp;&euro;\/Monat<\/option><\/select><br \/>\n<input type=\"hidden\" name=\"currency_code\" value=\"EUR\"><br \/>\n<input type=\"image\" src=\"https:\/\/www.paypalobjects.com\/de_DE\/AT\/i\/btn\/btn_subscribe_LG.gif\" border=\"0\" name=\"submit\" alt=\"Jetzt einfach, schnell und sicher online bezahlen \u2013 mit PayPal.\"><br \/>\n<img loading=\"lazy\" decoding=\"async\" style=\"display: none;\" alt=\"\" border=\"0\" src=\"https:\/\/www.paypalobjects.com\/de_DE\/i\/scr\/pixel.gif\" width=\"1\" height=\"1\"><br \/>\n<\/form>\n<p><em>(Per <strong>PayPal.<\/strong> Wenn Sie keinen PayPal-Account haben, k\u00f6nnen Sie trotzdem jede Kreditkarte verwenden.)<\/em><\/p>\n<p style=\"text-align: center;\">\u2026 ODER<br \/>\nSie k\u00f6nnen ein*e einmalige Unterst\u00fctzer*in werden:<\/p>\n<form style=\"width: 120px !important; margin: 1em auto 0 auto !important; padding: 0;\" action=\"https:\/\/www.paypal.com\/cgi-bin\/webscr\" method=\"post\" target=\"_top\"><input type=\"hidden\" name=\"cmd\" value=\"_s-xclick\" \/><input type=\"hidden\" name=\"hosted_button_id\" value=\"ZLWFQJLWD82DC\" \/><input style=\"border: 0; margin-bottom: 0;\" type=\"image\" src=\"https:\/\/www.paypalobjects.com\/de_DE\/AT\/i\/btn\/btn_donateCC_LG.gif\" name=\"submit\" alt=\"Jetzt einfach, schnell und sicher online bezahlen \u2013 mit PayPal.\" \/><img decoding=\"async\" style=\"display: none; border: 0; width: 1px; height: 1px;\" src=\"https:\/\/www.paypalobjects.com\/de_DE\/i\/scr\/pixel.gif\" alt=\"\" \/><br \/>\n<\/form>\n<p><em>(Ebenso per PayPal.)<\/em><!--\nWenn Sie <a href=\"https:\/\/www.subhash.at\/fotoblog\/flattr\" title=\"Flattr \u2013 Das unterst\u00fctzen, was man mag\"><strong>Flattr<\/strong><\/a> benutzen, dann k\u00f6nnen Sie hier den Flattr-Button anklicken.\n\n\n<div  style=\"width:110px; height:20px; margin: 1em auto 2em auto;\">\n<iframe style=\"width:110px; height:20px; margin: 1em auto 1em auto;\" src=\"https:\/\/api.flattr.com\/button\/view\/?uid=Subhash&amp;button=compact&amp;url=http%3A%2F%2Fwww.subhash.at%2Ffotoblog&amp;title=Anschauungen%20photosophisch&amp;category=images&amp;language=de_DE\" allowtransparency=\"true\" frameborder=\"0\" scrolling=\"no\"><\/iframe>\n<\/div>\n\n--><\/p>\n<p>Danke f\u00fcr Ihre Hilfe im Internet Qualit\u00e4t bereit zu stellen!<\/p>","protected":false},"excerpt":{"rendered":"<p>Ich fotografiere und f\u00fchre dieses Fotoblog gerne. Viele Stunden habe ich mit der Wartung der Software, dem Layout, dem Aufbereiten der Bilder f\u00fcr das Internet und dem Schreiben der Beitr\u00e4ge verbracht. Ich habe keine Einnahmen durch Werbung: Dieses Fotoblog kann &hellip; <a href=\"https:\/\/www.subhash.at\/fotoblog\/spenden\/\">Weiterlesen <span class=\"meta-nav\">&rarr;<\/span><\/a><\/p>\n","protected":false},"author":1,"featured_media":0,"parent":0,"menu_order":0,"comment_status":"closed","ping_status":"closed","template":"sidebar-page.php","meta":{"footnotes":"","_wp_rev_ctl_limit":""},"class_list":["post-5896","page","type-page","status-publish","hentry"],"aioseo_notices":[],"_links":{"self":[{"href":"https:\/\/www.subhash.at\/fotoblog\/wp-json\/wp\/v2\/pages\/5896","targetHints":{"allow":["GET"]}}],"collection":[{"href":"https:\/\/www.subhash.at\/fotoblog\/wp-json\/wp\/v2\/pages"}],"about":[{"href":"https:\/\/www.subhash.at\/fotoblog\/wp-json\/wp\/v2\/types\/page"}],"author":[{"embeddable":true,"href":"https:\/\/www.subhash.at\/fotoblog\/wp-json\/wp\/v2\/users\/1"}],"replies":[{"embeddable":true,"href":"https:\/\/www.subhash.at\/fotoblog\/wp-json\/wp\/v2\/comments?post=5896"}],"version-history":[{"count":2,"href":"https:\/\/www.subhash.at\/fotoblog\/wp-json\/wp\/v2\/pages\/5896\/revisions"}],"predecessor-version":[{"id":15129,"href":"https:\/\/www.subhash.at\/fotoblog\/wp-json\/wp\/v2\/pages\/5896\/revisions\/15129"}],"wp:attachment":[{"href":"https:\/\/www.subhash.at\/fotoblog\/wp-json\/wp\/v2\/media?parent=5896"}],"curies":[{"name":"wp","href":"https:\/\/api.w.org\/{rel}","templated":true}]}}