{"id":14406,"date":"2020-12-14T11:43:28","date_gmt":"2020-12-14T10:43:28","guid":{"rendered":"https:\/\/www.subhash.at\/fotoblog\/?page_id=14406"},"modified":"2023-11-07T09:46:37","modified_gmt":"2023-11-07T08:46:37","slug":"kalender","status":"publish","type":"page","link":"https:\/\/www.subhash.at\/fotoblog\/foto-workshops\/kalender\/","title":{"rendered":"Foto-Workshop-Kalender 2022"},"content":{"rendered":"<p>Hier die ersten Foto-Workshop-Termine 2022<br \/>\n<strong>(wird eventuell erg\u00e4nzt):<\/strong><\/p>\n<table class=\"workshopkalender\" width=\"100%\">\n<colgroup>\n<col width=\"18%\" \/>\n<col width=\"55%\" \/>\n<col width=\"27%\" \/> <\/colgroup>\n<tbody>\n<tr class=\"aktuell\">\n<td>laufend<\/td>\n<td><a href=\"#fus\">Fotografie und Selbsterkenntnis<\/a><\/p>\n<p>Start: jederzeit<br \/>\nGratis-Testwoche!<\/p>\n<\/td>\n<td>Fernkurs \u00fcber 12&nbsp;Wochen<br \/>\n<a title=\"N\u00e4here Informationen zum Kurs\" href=\"#fus\">Information &amp; Anmeldung<\/a><\/td>\n<\/tr>\n<!--\n\n\n<tr class=\"aktuell\">\n\n\n<td>laufend<\/td>\n\n\n\n\n<td><a href=\"https:\/\/www.subhash.at\/fotoblog\/kurs-kreative-ausarbeitung\">Kreative Ausarbeitung\nmit Lightroom<\/a>\n\n<p>Wunschtermin<\/p>\n\n<\/td>\n\n\n\n\n<td>Halbtags-Workshop in Schwarzenau\n<a href=\"#kal\">Information &amp; Anmeldung<\/a><\/td>\n\n\n<\/tr>\n\n\n--><\/p>\n<tr class=\"aktuell\">\n<td style=\"height: 4em\" colspan=\"3\">\n<p style=\"margin-top: 0.7em; font-weight: normal; text-align: center;\">Ich bin m\u00f6glicherweise f\u00fcr Anfragen nach Terminen au\u00dferhalb der hier festgesetzten offen.<br \/>\nRabatt f\u00fcr Gruppen ab 5&nbsp;Personen.<\/p>\n<\/td>\n<\/tr>\n<\/tbody>\n<\/table>\n<!--more--><br \/>\nAnmeldung bitte per Mail (<a href=\"javascript:secureDecryptAndNavigate('KQj5OpdGAwo9okdkp\/a6JO1TLiIMFJX8AZFPfNF45DXbtqIG6DlvW05z3lYcI2YlMPFw3C5H6n9CRiigwEt4GOhSplB2gHL1zQCMEA==', 'd4c6e445d67edc6787d74ada7b7d41bc1da13695eba878decc2ecf716c59dd72')\">f&#111;&#116;&#111;g&#114;a&#102;&#105;e&#64;&#115;&#117;b&#104;&#97;&#115;&#104;.a&#116;<\/a>).<br \/>\nMeine Workshops weisen f\u00fcr gew\u00f6hnlich eine <a title=\"Selbsteinsch\u00e4tzung\" href=\"https:\/\/www.subhash.at\/fotoblog\/selbsteinschaetzung\">differenzierte Preisgestaltung<\/a> auf, die die zunehmend ungleichen Einkommen ins Bewusstsein rufen und auch ein wenig ausgleichen soll.<br \/>\n<!-- Neben den angegebenen pers\u00f6nlichen Treffen gibt es die M\u00f6glichkeit von <a href=\"https:\/\/www.subhash.at\/fotoblog\/foto-sessions-online\">Online-Sessions<\/a>. --><\/p>\n<hr id=\"fus\" \/>\n<div class=\"shsprod_produkt_wrapper shsprod_produkt_2102\">\n<h2 class=\"shsprod_producttitle\">\u201eFotografie und Selbsterkenntnis\u201d<\/h2>\n<div class=\"shsprod_produkt_beschreibung\">\n<p>Dieser fotografische Fernkurs besch\u00e4ftigt sich 12&nbsp;Wochen lang mit dem Thema Selbsterfahrung durch Fotografie. Er stellt fotografische Aufgaben und gibt philosophische und spirituelle Anregungen. Durch ausf\u00fchrliche Bildbesprechungen wird die Entwicklung einer individuell ad\u00e4quaten Bildsprache gef\u00f6rdert.<\/p>\n<p>Um das Konzept unverbindlich kennenlernen zu k\u00f6nnen, wird eine Gratis-Testwoche angeboten.<\/p>\n<p>(<a href=\"http:\/\/www.subhash.at\/chCounter070225\/refer.php?id=192\">N\u00e4heres siehe PDF<\/a>)<\/p>\n<p>Beginn: <strong>jederzeit<\/strong><br \/>\nKursort: Online-Workshop<br \/>\nDauer: 12&nbsp;Wochen<\/p>\n<p>Der Preis kann ab 100&nbsp;&euro; durch <a href=\"https:\/\/www.subhash.at\/fotoblog\/selbsteinschaetzung\" title=\"Selbsteinsch\u00e4tzung\">Selbsteinsch\u00e4tzung<\/a> je nach Verm\u00f6gen selbst gew\u00e4hlt werden.<\/p>\n<\/div>\n<div class=\"shsprod_produkt_produktbilder\">\n\n\t\t<style type=\"text\/css\">\n\t\t\t#gallery-1 {\n\t\t\t\tmargin: auto;\n\t\t\t}\n\t\t\t#gallery-1 .gallery-item {\n\t\t\t\tfloat: left;\n\t\t\t\tmargin-top: 10px;\n\t\t\t\ttext-align: center;\n\t\t\t\twidth: 33%;\n\t\t\t}\n\t\t\t#gallery-1 img {\n\t\t\t\tborder: 2px solid #cfcfcf;\n\t\t\t}\n\t\t\t#gallery-1 .gallery-caption {\n\t\t\t\tmargin-left: 0;\n\t\t\t}\n\t\t\t\/* see gallery_shortcode() in wp-includes\/media.php *\/\n\t\t<\/style>\n\t\t<div id='gallery-1' class='gallery galleryid-14406 gallery-columns-3 gallery-size-thumbnail'><dl class='gallery-item'>\n\t\t\t<dt class='gallery-icon landscape'>\n\t\t\t\t<a href='https:\/\/www.subhash.at\/fotoblog\/wp-content\/uploads\/subhash_4973.jpg'><img loading=\"lazy\" decoding=\"async\" width=\"150\" height=\"112\" src=\"https:\/\/www.subhash.at\/fotoblog\/wp-content\/uploads\/subhash_4973-150x112.jpg\" class=\"attachment-thumbnail size-thumbnail\" alt=\"Subhash: \u201eSelbstportrait #4973\u201d\" srcset=\"https:\/\/www.subhash.at\/fotoblog\/wp-content\/uploads\/subhash_4973-150x112.jpg 150w, https:\/\/www.subhash.at\/fotoblog\/wp-content\/uploads\/subhash_4973-513x384.jpg 513w, https:\/\/www.subhash.at\/fotoblog\/wp-content\/uploads\/subhash_4973.jpg 1024w\" sizes=\"auto, (max-width: 150px) 100vw, 150px\" title=\"Subhash: \u201eSelbstportrait #4973\u201d \" \/><\/a>\n\t\t\t<\/dt><\/dl><dl class='gallery-item'>\n\t\t\t<dt class='gallery-icon landscape'>\n\t\t\t\t<a href='https:\/\/www.subhash.at\/fotoblog\/wp-content\/uploads\/kirchberger_fenster_175190714.jpg'><img loading=\"lazy\" decoding=\"async\" width=\"150\" height=\"150\" src=\"https:\/\/www.subhash.at\/fotoblog\/wp-content\/uploads\/kirchberger_fenster_175190714-150x150.jpg\" class=\"attachment-thumbnail size-thumbnail\" alt=\"Subhash: \u201eKirchberger Fenster #714\u201d\" srcset=\"https:\/\/www.subhash.at\/fotoblog\/wp-content\/uploads\/kirchberger_fenster_175190714-150x150.jpg 150w, https:\/\/www.subhash.at\/fotoblog\/wp-content\/uploads\/kirchberger_fenster_175190714-513x513.jpg 513w, https:\/\/www.subhash.at\/fotoblog\/wp-content\/uploads\/kirchberger_fenster_175190714.jpg 768w\" sizes=\"auto, (max-width: 150px) 100vw, 150px\" title=\"Subhash: \u201eKirchberger Fenster #714\u201d | Kamera: Olympus Olympus E-5 | Brennweite: 10&nbsp;mm (Kleinbildentsprechung: 20&nbsp;mm) | Verschlusszeit: 5s | Blende: &#402;\/11 | ISO: 200 | Aufgenommen am 19. Mai 2017 | Urheber:&nbsp;Subhash |\" \/><\/a>\n\t\t\t<\/dt><\/dl><dl class='gallery-item'>\n\t\t\t<dt class='gallery-icon landscape'>\n\t\t\t\t<a href='https:\/\/www.subhash.at\/fotoblog\/wp-content\/uploads\/selbstportraits_auf_butterdose.jpg'><img loading=\"lazy\" decoding=\"async\" width=\"150\" height=\"112\" src=\"https:\/\/www.subhash.at\/fotoblog\/wp-content\/uploads\/selbstportraits_auf_butterdose-150x112.jpg\" class=\"attachment-thumbnail size-thumbnail\" alt=\"Subhash: \u201eSelbstportraits auf Butterdose\u201d\" srcset=\"https:\/\/www.subhash.at\/fotoblog\/wp-content\/uploads\/selbstportraits_auf_butterdose-150x112.jpg 150w, https:\/\/www.subhash.at\/fotoblog\/wp-content\/uploads\/selbstportraits_auf_butterdose-513x384.jpg 513w, https:\/\/www.subhash.at\/fotoblog\/wp-content\/uploads\/selbstportraits_auf_butterdose.jpg 1023w\" sizes=\"auto, (max-width: 150px) 100vw, 150px\" title=\"Subhash: \u201eSelbstportraits auf Butterdose\u201d | Urheber:&nbsp;Subhash |\" \/><\/a>\n\t\t\t<\/dt><\/dl><br style=\"clear: both\" \/>\n\t\t<\/div>\n\n<\/div>\n<p class=\"shsprod_bestellen\" style=\"clear:both;\">Weitere Ausk\u00fcnfte, Gratiswoche und Bestellung \u00fcber das <a href=\"\/kontakt.php?b=Fotografie und Selbsterkenntnis\">Kontaktformular<\/a><\/p>\n<\/div>\n<div style=\"display: none\";>\n<hr class=\"cb\" id=\"kal\" \/>\n<div class=\"shsprod_produkt_wrapper shsprod_produkt_79\">\n\t\t\t<h2 class=\"shsprod_producttitle\">Kreative Ausarbeitung mit Lightroom<\/h2>\n\t\t\t<div class=\"shsprod_produkt_beschreibung\">\n\t\t\t\t<p>Dieser Lightroom-Kurs macht mit der Oberfl\u00e4che vertraut, erkl\u00e4rt die wichtigsten Module und zeigt einen typischen Arbeitsablauf mit starker Beachtung des kreativen Potentials dieser Software:<br \/>\n<ol>\n\t<li>Import:<br \/>\nFotografien werden von Kamera oder Speicherkarte importiert, die misslungenen gel\u00f6scht, die guten bewertet. Die Bilder k\u00f6nnen nun geordnet, verschlagwortet und beschriftet werden.<\/li>\n\t<li>Ausarbeitung:<br \/>\nDie Entwicklung ausgew\u00e4hlter Bilder ist der n\u00e4chste Schritt: Beschneidung, Wei\u00dfabgleich, Belichtung, Kontrast und Eingangssch\u00e4rfung sind die grundlegenden Elemente. Lokale Anpassungen aber verfeinern die Ausarbeitung oft noch entscheidend.<\/li>\n\t<li>Ausgabe:<br \/>\nDanach kann f\u00fcr die verschiedenen Medien in g\u00e4ngigen Dateiformaten exportiert werden.<\/li>\n<\/ol><\/p>\n<p>Kursort: Fotostudio Subhash Schwarzenau<br \/>\nDauer: ca. 4&nbsp;Stunden<br \/>\nMin. Teilnehmer*innen:&nbsp;1<br \/>\nMax. Teilnehmer*innen:&nbsp;4<br \/>\nTermine: laufend (vormittag oder nachmittag&nbsp;\u2013 auch wochentags)<\/p>\n<p>Bitte den Preis nach <a href=\"https:\/\/www.subhash.at\/fotoblog\/selbsteinschaetzung\" title=\"Selbsteinsch\u00e4tzung\">Selbsteinsch\u00e4tzung<\/a> je nach Verm\u00f6gen w\u00e4hlen und den Termin angeben.<\/p>\n<p>Soll ein <strong>Wunschtermin<\/strong> festgesetzt werden, diesen bitte bei der Anmeldung angeben. Ich melde mich dann bez\u00fcglich des Termins. Oder Sie kontaktieren mich schon im voraus: +43&nbsp;680&nbsp;31&nbsp;23&nbsp;588 bzw. <a href=\"javascript:secureDecryptAndNavigate('FvTLPKKFAgcs6s0PfbvOJABt0Urr\/3rB1x9i2h5+Ev1Mo5Pmzu85knHvZ4M+gfXgpNBNc+EsyBY7XJfnjixp\/lL\/ISnwhCZxMQqlxA==', 'd4c6e445d67edc6787d74ada7b7d41bc1da13695eba878decc2ecf716c59dd72')\">f&#111;&#116;o&#103;rafie&#64;&#115;ub&#104;&#97;&#115;&#104;&#46;&#97;t<\/a><br \/>\n<\/p><\/div><div class=\"shsprod_produkt_produktbilder\">\n\t\t\t\t<a href=\"https:\/\/www.subhash.at\/fotoblog\/wp-content\/uploads\/wpsg_produktbilder\/79\/749_vorher_nachher.jpg\" rel=\"prettyPhoto[pb]\"><img decoding=\"async\" src=\"https:\/\/www.subhash.at\/fotoblog\/wp-content\/uploads\/wpsg_produktbilder\/79\/tn\/s-75-75-749_vorher_nachher.jpg\" alt=\"Kreative Ausarbeitung mit Lightroom (Foto: Subhash)\" \/><\/a>\n<\/div>\n<h3 class=\"shs_prod_vari_name\">Workshop-Beitrag (<a href=https:\/\/www.subhash.at\/fotoblog\/selbsteinschaetzung>Selbsteinsch\u00e4tzung<\/a>)<\/h3>\n\n<p class=\"shs_prod_vari\">\u2013 30,\u2013: <span class=\"shs_prod_vari_preis\">110,&ndash;&nbsp;&euro;<\/span><br \/>\n\u00b1 0,\u2013: <span class=\"shs_prod_vari_preis\">140,&ndash;&nbsp;&euro;<\/span><br \/>\n+ 40,\u2013: <span class=\"shs_prod_vari_preis\">180,&ndash;&nbsp;&euro;<\/span><br \/>\n<\/p>\n<p class=\"shsprod_bestellen\">Bitte \u00fcber das <a href=\"\/kontakt.php?b=Kreative Ausarbeitung mit Lightroom (WS009)\">Kontaktformular<\/a> bestellen!<\/div><\/p>\n<hr id=\"siw\" \/>\n<div class=\"shsprod_produkt_wrapper shsprod_produkt_2101\">\n<h2 class=\"shsprod_producttitle\">\u201eSteinreich im Waldviertel\u201d<\/h2>\n<div class=\"shsprod_produkt_beschreibung\">\n<p>Die Landschaft rund um Langschlag im Waldviertel bietet abwechslungsreiche Ansichten und vor allem eine Menge Schalen- und Opfersteine, einen Stein mit heilkr\u00e4ftigem Augenwasser und einen besonderen Wald mit einer Teufelsm\u00fchle.<\/p>\n<p>Termin: <strong>9.&nbsp;Mai&nbsp;\u201921<\/strong> von 8:30 bis etwa 16&nbsp;Uhr<br \/>\nKursort: Landschaft rund um Langschlag, Bezirk Zwettl<br \/>\nDauer: ca. 7&nbsp;Stunden<br \/>\nMin. Teilnehmer*innen:&nbsp;2<br \/>\nMax. Teilnehmer*innen:&nbsp;6<\/p>\n<p>Bitte den Preis nach <a href=\"https:\/\/www.subhash.at\/fotoblog\/selbsteinschaetzung\" title=\"Selbsteinsch\u00e4tzung\">Selbsteinsch\u00e4tzung<\/a> je nach Verm\u00f6gen w\u00e4hlen.<\/p>\n<\/div>\n<h3 class=\"shs_prod_vari_name\">Workshop-Beitrag (<a href=https:\/\/www.subhash.at\/fotoblog\/selbsteinschaetzung>Selbsteinsch\u00e4tzung<\/a>)<\/h3>\n<p class=\"shs_prod_vari\">\u2013 30,\u2013: <span class=\"shs_prod_vari_preis\">100,&ndash;&nbsp;&euro;<\/span><br \/>\n\u00b1 0,\u2013: <span class=\"shs_prod_vari_preis\">130,&ndash;&nbsp;&euro;<\/span><br \/>\n+ 30,\u2013: <span class=\"shs_prod_vari_preis\">160,&ndash;&nbsp;&euro;<\/span><\/p>\n<div class=\"shsprod_produkt_produktbilder\">\n\n\t\t<style type=\"text\/css\">\n\t\t\t#gallery-2 {\n\t\t\t\tmargin: auto;\n\t\t\t}\n\t\t\t#gallery-2 .gallery-item {\n\t\t\t\tfloat: left;\n\t\t\t\tmargin-top: 10px;\n\t\t\t\ttext-align: center;\n\t\t\t\twidth: 33%;\n\t\t\t}\n\t\t\t#gallery-2 img {\n\t\t\t\tborder: 2px solid #cfcfcf;\n\t\t\t}\n\t\t\t#gallery-2 .gallery-caption {\n\t\t\t\tmargin-left: 0;\n\t\t\t}\n\t\t\t\/* see gallery_shortcode() in wp-includes\/media.php *\/\n\t\t<\/style>\n\t\t<div id='gallery-2' class='gallery galleryid-14406 gallery-columns-3 gallery-size-thumbnail'><dl class='gallery-item'>\n\t\t\t<dt class='gallery-icon landscape'>\n\t\t\t\t<a href='https:\/\/www.subhash.at\/fotoblog\/wp-content\/uploads\/stein_holz_20A245659.jpg'><img loading=\"lazy\" decoding=\"async\" width=\"150\" height=\"113\" src=\"https:\/\/www.subhash.at\/fotoblog\/wp-content\/uploads\/stein_holz_20A245659-150x113.jpg\" class=\"attachment-thumbnail size-thumbnail\" alt=\"Subhash: \u201eOpferstein #5859\u201d\" aria-describedby=\"gallery-2-14294\" srcset=\"https:\/\/www.subhash.at\/fotoblog\/wp-content\/uploads\/stein_holz_20A245659-150x113.jpg 150w, https:\/\/www.subhash.at\/fotoblog\/wp-content\/uploads\/stein_holz_20A245659-513x385.jpg 513w, https:\/\/www.subhash.at\/fotoblog\/wp-content\/uploads\/stein_holz_20A245659-768x576.jpg 768w, https:\/\/www.subhash.at\/fotoblog\/wp-content\/uploads\/stein_holz_20A245659-400x300.jpg 400w, https:\/\/www.subhash.at\/fotoblog\/wp-content\/uploads\/stein_holz_20A245659.jpg 1024w\" sizes=\"auto, (max-width: 150px) 100vw, 150px\" title=\"Subhash: \u201eOpferstein #5859\u201d | Kamera: Olympus E-5 | Brennweite: 12&nbsp;mm (Kleinbildentsprechung: 24&nbsp;mm) | Verschlusszeit: 1\/10s | Blende: &#402;\/9 | ISO: 400 | Aufgenommen am 24.&nbsp;Okt. 2020 | Urheber:&nbsp;Subhash |\" \/><\/a>\n\t\t\t<\/dt>\n\t\t\t\t<dd class='wp-caption-text gallery-caption' id='gallery-2-14294'>\n\t\t\t\t\u201eOpferstein #5659\u201d\n\t\t\t\t<\/dd><\/dl><dl class='gallery-item'>\n\t\t\t<dt class='gallery-icon landscape'>\n\t\t\t\t<a href='https:\/\/www.subhash.at\/fotoblog\/wp-content\/uploads\/stein_holz_20A265870.jpg'><img loading=\"lazy\" decoding=\"async\" width=\"150\" height=\"113\" src=\"https:\/\/www.subhash.at\/fotoblog\/wp-content\/uploads\/stein_holz_20A265870-150x113.jpg\" class=\"attachment-thumbnail size-thumbnail\" alt=\"Subhash: \u201eKamelstein #5870\u201d\" aria-describedby=\"gallery-2-14286\" srcset=\"https:\/\/www.subhash.at\/fotoblog\/wp-content\/uploads\/stein_holz_20A265870-150x113.jpg 150w, https:\/\/www.subhash.at\/fotoblog\/wp-content\/uploads\/stein_holz_20A265870-513x385.jpg 513w, https:\/\/www.subhash.at\/fotoblog\/wp-content\/uploads\/stein_holz_20A265870-768x576.jpg 768w, https:\/\/www.subhash.at\/fotoblog\/wp-content\/uploads\/stein_holz_20A265870-400x300.jpg 400w, https:\/\/www.subhash.at\/fotoblog\/wp-content\/uploads\/stein_holz_20A265870.jpg 1024w\" sizes=\"auto, (max-width: 150px) 100vw, 150px\" title=\"Subhash: \u201eKamelstein #5870\u201d | Kamera: Olympus E-5 | Brennweite: 26&nbsp;mm (Kleinbildentsprechung: 52&nbsp;mm) | Verschlusszeit: 1\/10s | Blende: &#402;\/7.1 | ISO: 400 | Aufgenommen am 26.&nbsp;Okt. 2020 | Urheber:&nbsp;Subhash |\" \/><\/a>\n\t\t\t<\/dt>\n\t\t\t\t<dd class='wp-caption-text gallery-caption' id='gallery-2-14286'>\n\t\t\t\t\u201eKamelstein #5870\u201d\n\t\t\t\t<\/dd><\/dl><dl class='gallery-item'>\n\t\t\t<dt class='gallery-icon landscape'>\n\t\t\t\t<a href='https:\/\/www.subhash.at\/fotoblog\/wp-content\/uploads\/stein_holz_20A265868.jpg'><img loading=\"lazy\" decoding=\"async\" width=\"150\" height=\"113\" src=\"https:\/\/www.subhash.at\/fotoblog\/wp-content\/uploads\/stein_holz_20A265868-150x113.jpg\" class=\"attachment-thumbnail size-thumbnail\" alt=\"Subhash: \u201eHolz und Stein #5868\u201d\" aria-describedby=\"gallery-2-14292\" srcset=\"https:\/\/www.subhash.at\/fotoblog\/wp-content\/uploads\/stein_holz_20A265868-150x113.jpg 150w, https:\/\/www.subhash.at\/fotoblog\/wp-content\/uploads\/stein_holz_20A265868-513x385.jpg 513w, https:\/\/www.subhash.at\/fotoblog\/wp-content\/uploads\/stein_holz_20A265868-768x576.jpg 768w, https:\/\/www.subhash.at\/fotoblog\/wp-content\/uploads\/stein_holz_20A265868-400x300.jpg 400w, https:\/\/www.subhash.at\/fotoblog\/wp-content\/uploads\/stein_holz_20A265868.jpg 1024w\" sizes=\"auto, (max-width: 150px) 100vw, 150px\" title=\"Subhash: \u201eHolz und Stein #5868\u201d | Kamera: Olympus E-5 | Brennweite: 50&nbsp;mm (Kleinbildentsprechung: 100&nbsp;mm) | Verschlusszeit: 1\/100s | ISO: 400 | Aufgenommen am 26.&nbsp;Okt. 2020 | Urheber:&nbsp;Subhash |\" \/><\/a>\n\t\t\t<\/dt>\n\t\t\t\t<dd class='wp-caption-text gallery-caption' id='gallery-2-14292'>\n\t\t\t\t\u201eHolz und Stein #5868\u201d\n\t\t\t\t<\/dd><\/dl><br style=\"clear: both\" \/>\n\t\t<\/div>\n\n<\/div>\n<p class=\"shsprod_bestellen\">Bitte \u00fcber das <a href=\"\/kontakt.php?b=Steinreich im Waldviertel\">Kontaktformular<\/a> bestellen!<\/p>\n<\/div>\n<\/div>\n<p><div id='icegram_shortcode_0'  data-campaigns=\"15846\"  class='ig_shortcode_container' ><\/div><\/p>","protected":false},"excerpt":{"rendered":"<p>Hier die ersten Foto-Workshop-Termine 2022 (wird eventuell erg\u00e4nzt): laufend Fotografie und Selbsterkenntnis Start: jederzeit Gratis-Testwoche! Fernkurs \u00fcber 12&nbsp;Wochen Information &amp; Anmeldung Ich bin m\u00f6glicherweise f\u00fcr Anfragen nach Terminen au\u00dferhalb der hier festgesetzten offen. Rabatt f\u00fcr Gruppen ab 5&nbsp;Personen.<\/p>\n","protected":false},"author":1,"featured_media":0,"parent":11239,"menu_order":0,"comment_status":"closed","ping_status":"closed","template":"sidebar-page.php","meta":{"footnotes":"","_wp_rev_ctl_limit":""},"class_list":["post-14406","page","type-page","status-publish","hentry"],"aioseo_notices":[],"_links":{"self":[{"href":"https:\/\/www.subhash.at\/fotoblog\/wp-json\/wp\/v2\/pages\/14406","targetHints":{"allow":["GET"]}}],"collection":[{"href":"https:\/\/www.subhash.at\/fotoblog\/wp-json\/wp\/v2\/pages"}],"about":[{"href":"https:\/\/www.subhash.at\/fotoblog\/wp-json\/wp\/v2\/types\/page"}],"author":[{"embeddable":true,"href":"https:\/\/www.subhash.at\/fotoblog\/wp-json\/wp\/v2\/users\/1"}],"replies":[{"embeddable":true,"href":"https:\/\/www.subhash.at\/fotoblog\/wp-json\/wp\/v2\/comments?post=14406"}],"version-history":[{"count":6,"href":"https:\/\/www.subhash.at\/fotoblog\/wp-json\/wp\/v2\/pages\/14406\/revisions"}],"predecessor-version":[{"id":16351,"href":"https:\/\/www.subhash.at\/fotoblog\/wp-json\/wp\/v2\/pages\/14406\/revisions\/16351"}],"up":[{"embeddable":true,"href":"https:\/\/www.subhash.at\/fotoblog\/wp-json\/wp\/v2\/pages\/11239"}],"wp:attachment":[{"href":"https:\/\/www.subhash.at\/fotoblog\/wp-json\/wp\/v2\/media?parent=14406"}],"curies":[{"name":"wp","href":"https:\/\/api.w.org\/{rel}","templated":true}]}}